{"id":388,"date":"2017-10-14T12:25:14","date_gmt":"2017-10-14T12:25:14","guid":{"rendered":"http:\/\/mplati.hr\/?page_id=388"},"modified":"2020-04-15T09:31:01","modified_gmt":"2020-04-15T09:31:01","slug":"najcesca-pitanja-smartica","status":"publish","type":"page","link":"https:\/\/mplati.hr\/cms\/najcesca-pitanja-smartica\/","title":{"rendered":"Naj\u010de\u0161\u0107a pitanja &#8211; Smartica"},"content":{"rendered":"<p><strong>Naj\u010de\u0161\u0107a pitanja i odgovori<\/strong><\/p>\n<p>&nbsp;<\/p>\n<p><strong>1.Kako mogu aktivirati uslugu mPlati?<\/strong><\/p>\n<p>Usluga vam je dostupna bez potrebe za aktivacijom.<\/p>\n<p>&nbsp;<\/p>\n<p><strong>2.Kako mogu platiti uslugu SMSom?<\/strong><\/p>\n<p>mPlati uslugom mo\u017ee se platiti usluga digitalne prijevozne karte na na\u010din da se po\u0161alje kod kojeg kreira mobilna aplikacija Smartica na broj 705102.<\/p>\n<p>Potvrdu u uspje\u0161noj uplati i kupljenoj digitalnoj karti dobiti \u0107ete par sekundi nakon slanja SMS poruke.<\/p>\n<p>&nbsp;<\/p>\n<p><strong>3.Obavio sam pla\u0107anje putem mPlati usluge. Gdje mogu dobiti potvrdu da je uplata napravljena?<\/strong><\/p>\n<p>Povratna SMS poruka koju \u0107ete dobiti na svoj ure\u0111aj je ujedno i potvrda o uplati. Na njoj se nalazi broj digitalne karte, upla\u0107eni iznos i jedinstveni broj transakcije.<\/p>\n<p>&nbsp;<\/p>\n<p><strong>4.Koliki je iznos naknade za obavljenu uplatu mPlati uslugom?<\/strong><\/p>\n<p>Naknada ovisi o mobilnom operateru i ona iznosi 0,69 kn (sa PDVom) za A1 i Tomato korisnike, 0,75 kn za korisnike Hrvatskog telekoma, Simpe i Bonbona, 0,69 kn za korisnike Tele2 pretplate te 0,85 kn za Tele2 korisnike bonova.<\/p>\n<p>&nbsp;<\/p>\n<p><strong>5.Gdje mogu vidjeti potro\u0161nju ostvarenu mPlati uslugom?<\/strong><\/p>\n<p>Ukoliko ste korisnik bonova, tro\u0161ak ostvaren mPlati uslugom \u0107e umanjiti va\u0161 prepaid ra\u010dun.<\/p>\n<p>Ukoliko ste pretplatnik, tro\u0161ak pla\u0107anja \u0107e biti vidljiv na va\u0161em mjese\u010dnom ra\u010dunu<\/p>\n<p>-HT mobilnog operatera pod nazivom mPlati<\/p>\n<p>-A1 mobilnog operatera pod nazivom digitalna prijevozna karta<\/p>\n<p>-Za Tele2 pretplatnike kupljeni sadr\u017eaj \u0107e biti napla\u0107en na sljede\u0107em mjese\u010dnom ra\u010dunu<\/p>\n<p>&nbsp;<\/p>\n<p>&nbsp;<\/p>\n<p><a href=\"https:\/\/mplati.hr\/mplati-smartica\/\"><i class=\"fa fa-long-arrow-left \" ><\/i> Nazad na mPlati Smartica<\/a><\/p>\n","protected":false},"excerpt":{"rendered":"<p>Naj\u010de\u0161\u0107a pitanja i odgovori &nbsp; 1.Kako mogu aktivirati uslugu mPlati? Usluga vam je dostupna bez potrebe za aktivacijom. &nbsp; 2.Kako mogu platiti [&hellip;]<\/p>\n","protected":false},"author":8,"featured_media":0,"parent":0,"menu_order":0,"comment_status":"closed","ping_status":"closed","template":"page-templates\/page_fullwidth.php","meta":{"footnotes":""},"class_list":["post-388","page","type-page","status-publish","hentry"],"yoast_head":"<!-- This site is optimized with the Yoast SEO plugin v27.2 - https:\/\/yoast.com\/product\/yoast-seo-wordpress\/ -->\n<title>Naj\u010de\u0161\u0107a pitanja - Smartica<\/title>\n<meta name=\"description\" content=\"Naj\u010de\u0161\u0107a pitanja i odgovori\u2013 Smartica: Kako mogu aktivirati uslugu mPlati?Usluga vam je dostupna bez potrebe za aktivacijom.2.Kako mogu platiti uslugu SMSom...\" \/>\n<meta name=\"robots\" content=\"index, follow, max-snippet:-1, max-image-preview:large, max-video-preview:-1\" \/>\n<link rel=\"canonical\" href=\"https:\/\/mplati.hr\/cms\/najcesca-pitanja-smartica\/\" \/>\n<meta property=\"og:locale\" content=\"en_US\" \/>\n<meta property=\"og:type\" content=\"article\" \/>\n<meta property=\"og:title\" content=\"Naj\u010de\u0161\u0107a pitanja - Smartica\" \/>\n<meta property=\"og:description\" content=\"Naj\u010de\u0161\u0107a pitanja i odgovori\u2013 Smartica: Kako mogu aktivirati uslugu mPlati?Usluga vam je dostupna bez potrebe za aktivacijom.2.Kako mogu platiti uslugu SMSom...\" \/>\n<meta property=\"og:url\" content=\"https:\/\/mplati.hr\/cms\/najcesca-pitanja-smartica\/\" \/>\n<meta property=\"og:site_name\" content=\"mPlati\" \/>\n<meta property=\"article:modified_time\" content=\"2020-04-15T09:31:01+00:00\" \/>\n<meta name=\"twitter:card\" content=\"summary_large_image\" \/>\n<meta name=\"twitter:label1\" content=\"Est. reading time\" \/>\n\t<meta name=\"twitter:data1\" content=\"1 minute\" \/>\n<script type=\"application\/ld+json\" class=\"yoast-schema-graph\">{\"@context\":\"https:\/\/schema.org\",\"@graph\":[{\"@type\":\"WebPage\",\"@id\":\"https:\/\/mplati.hr\/cms\/najcesca-pitanja-smartica\/\",\"url\":\"https:\/\/mplati.hr\/cms\/najcesca-pitanja-smartica\/\",\"name\":\"Naj\u010de\u0161\u0107a pitanja - Smartica\",\"isPartOf\":{\"@id\":\"https:\/\/mplati.hr\/cms\/#website\"},\"datePublished\":\"2017-10-14T12:25:14+00:00\",\"dateModified\":\"2020-04-15T09:31:01+00:00\",\"description\":\"Naj\u010de\u0161\u0107a pitanja i odgovori\u2013 Smartica: Kako mogu aktivirati uslugu mPlati?Usluga vam je dostupna bez potrebe za aktivacijom.2.Kako mogu platiti uslugu SMSom...\",\"breadcrumb\":{\"@id\":\"https:\/\/mplati.hr\/cms\/najcesca-pitanja-smartica\/#breadcrumb\"},\"inLanguage\":\"en-US\",\"potentialAction\":[{\"@type\":\"ReadAction\",\"target\":[\"https:\/\/mplati.hr\/cms\/najcesca-pitanja-smartica\/\"]}]},{\"@type\":\"BreadcrumbList\",\"@id\":\"https:\/\/mplati.hr\/cms\/najcesca-pitanja-smartica\/#breadcrumb\",\"itemListElement\":[{\"@type\":\"ListItem\",\"position\":1,\"name\":\"Po\u010detna stranica\",\"item\":\"https:\/\/mplati.hr\/cms\/\"},{\"@type\":\"ListItem\",\"position\":2,\"name\":\"Naj\u010de\u0161\u0107a pitanja &#8211; Smartica\"}]},{\"@type\":\"WebSite\",\"@id\":\"https:\/\/mplati.hr\/cms\/#website\",\"url\":\"https:\/\/mplati.hr\/cms\/\",\"name\":\"mPlati\",\"description\":\"usluga mobilnog pla\u0107anja putem SMS-a\",\"potentialAction\":[{\"@type\":\"SearchAction\",\"target\":{\"@type\":\"EntryPoint\",\"urlTemplate\":\"https:\/\/mplati.hr\/cms\/?s={search_term_string}\"},\"query-input\":{\"@type\":\"PropertyValueSpecification\",\"valueRequired\":true,\"valueName\":\"search_term_string\"}}],\"inLanguage\":\"en-US\"}]}<\/script>\n<!-- \/ Yoast SEO plugin. -->","yoast_head_json":{"title":"Naj\u010de\u0161\u0107a pitanja - Smartica","description":"Naj\u010de\u0161\u0107a pitanja i odgovori\u2013 Smartica: Kako mogu aktivirati uslugu mPlati?Usluga vam je dostupna bez potrebe za aktivacijom.2.Kako mogu platiti uslugu SMSom...","robots":{"index":"index","follow":"follow","max-snippet":"max-snippet:-1","max-image-preview":"max-image-preview:large","max-video-preview":"max-video-preview:-1"},"canonical":"https:\/\/mplati.hr\/cms\/najcesca-pitanja-smartica\/","og_locale":"en_US","og_type":"article","og_title":"Naj\u010de\u0161\u0107a pitanja - Smartica","og_description":"Naj\u010de\u0161\u0107a pitanja i odgovori\u2013 Smartica: Kako mogu aktivirati uslugu mPlati?Usluga vam je dostupna bez potrebe za aktivacijom.2.Kako mogu platiti uslugu SMSom...","og_url":"https:\/\/mplati.hr\/cms\/najcesca-pitanja-smartica\/","og_site_name":"mPlati","article_modified_time":"2020-04-15T09:31:01+00:00","twitter_card":"summary_large_image","twitter_misc":{"Est. reading time":"1 minute"},"schema":{"@context":"https:\/\/schema.org","@graph":[{"@type":"WebPage","@id":"https:\/\/mplati.hr\/cms\/najcesca-pitanja-smartica\/","url":"https:\/\/mplati.hr\/cms\/najcesca-pitanja-smartica\/","name":"Naj\u010de\u0161\u0107a pitanja - Smartica","isPartOf":{"@id":"https:\/\/mplati.hr\/cms\/#website"},"datePublished":"2017-10-14T12:25:14+00:00","dateModified":"2020-04-15T09:31:01+00:00","description":"Naj\u010de\u0161\u0107a pitanja i odgovori\u2013 Smartica: Kako mogu aktivirati uslugu mPlati?Usluga vam je dostupna bez potrebe za aktivacijom.2.Kako mogu platiti uslugu SMSom...","breadcrumb":{"@id":"https:\/\/mplati.hr\/cms\/najcesca-pitanja-smartica\/#breadcrumb"},"inLanguage":"en-US","potentialAction":[{"@type":"ReadAction","target":["https:\/\/mplati.hr\/cms\/najcesca-pitanja-smartica\/"]}]},{"@type":"BreadcrumbList","@id":"https:\/\/mplati.hr\/cms\/najcesca-pitanja-smartica\/#breadcrumb","itemListElement":[{"@type":"ListItem","position":1,"name":"Po\u010detna stranica","item":"https:\/\/mplati.hr\/cms\/"},{"@type":"ListItem","position":2,"name":"Naj\u010de\u0161\u0107a pitanja &#8211; Smartica"}]},{"@type":"WebSite","@id":"https:\/\/mplati.hr\/cms\/#website","url":"https:\/\/mplati.hr\/cms\/","name":"mPlati","description":"usluga mobilnog pla\u0107anja putem SMS-a","potentialAction":[{"@type":"SearchAction","target":{"@type":"EntryPoint","urlTemplate":"https:\/\/mplati.hr\/cms\/?s={search_term_string}"},"query-input":{"@type":"PropertyValueSpecification","valueRequired":true,"valueName":"search_term_string"}}],"inLanguage":"en-US"}]}},"jetpack_sharing_enabled":true,"_links":{"self":[{"href":"https:\/\/mplati.hr\/cms\/wp-json\/wp\/v2\/pages\/388","targetHints":{"allow":["GET"]}}],"collection":[{"href":"https:\/\/mplati.hr\/cms\/wp-json\/wp\/v2\/pages"}],"about":[{"href":"https:\/\/mplati.hr\/cms\/wp-json\/wp\/v2\/types\/page"}],"author":[{"embeddable":true,"href":"https:\/\/mplati.hr\/cms\/wp-json\/wp\/v2\/users\/8"}],"replies":[{"embeddable":true,"href":"https:\/\/mplati.hr\/cms\/wp-json\/wp\/v2\/comments?post=388"}],"version-history":[{"count":0,"href":"https:\/\/mplati.hr\/cms\/wp-json\/wp\/v2\/pages\/388\/revisions"}],"wp:attachment":[{"href":"https:\/\/mplati.hr\/cms\/wp-json\/wp\/v2\/media?parent=388"}],"curies":[{"name":"wp","href":"https:\/\/api.w.org\/{rel}","templated":true}]}}